t common factor of d and 402?
6
Let d be 12/(-8)*(3 - 1)*-2. Let w be 2 - (1 - (-6)/(-3)). Suppose d*g + 44 = w*f + 2*g, -28 = -2*f + 2*g. Calculate the highest common factor of 108 and f.
12
Suppose a - s + 408 = 0, -8*s + 3*s = 5. Let x = -19 - a. Calculate the highest common divisor of x and 30.
30
Let u be ((-12)/(-18))/((-4)/6). Let p be (5 + (-22)/4)*(u + 1). Let t(s) = -s**3 + 48. Let o be t(p). What is the greatest common factor of o and 32?
16
Let h = -282 - -681. Calculate the greatest common divisor of h and 28.
7
Let y = -133 - -181. Suppose 95 = -11*q + 271. Calculate the highest common factor of y and q.
16
Let s be (11*4)/(-9 - (-35)/5). Let r(t) = -t**3 - 21*t**2 - 33*t - 49. Let o be r(s). What is the greatest common divisor of o and 27?
27
Let n(s) = 28*s**2 + 65*s + 67. Let b be n(-1). Calculate the highest common divisor of 6810 and b.
30
Let f = 548 + -547. Let i be (18 - 10) + f*16. Calculate the greatest common divisor of i and 40.
8
Suppose -39*h = -37*h + 10, 5*m + 4*h = 475. Calculate the highest common factor of m and 11979.
99
Suppose 5*p - z + 89 = 0, 3*p - 38 = 5*p + 2*z. Let d be 2*(-124)/(-5) + p/(-45). What is the highest common factor of 1150 and d?
50
Let m be (1/3 - 0)/(87/(-9) + 7 - -3). Suppose -15 = -2*z - 3*z. Suppose -6*l = 4*h - l - 84, -z*h + 28 = -5*l. Calculate the highest common divisor of h and m.
1
Suppose -150500 = -62*c - 188*c. What is the greatest common divisor of 1075 and c?
43
Suppose -282*p = -829646 - 462478. What is the highest common factor of p and 232?
58
Let f = -23 + 32. Let m = 1961 + -1835. What is the greatest common factor of m and f?
9
Let h(r) = 7*r**2 - 19*r + 139. Let u be h(9). Let o = 554 - u. Calculate the greatest common factor of 1 and o.
1
Let r = 750 + -749. Let s be (3 + 3)/r + 187 + -1. Calculate the highest common divisor of 12 and s.
12
Let a(k) = -17*k + 1534. Let r be a(-4). Calculate the highest common divisor of 18 and r.
18
Suppose 18*z - 30*z + 96 = 0. Suppose -3*f = -m - 80, 7*m - z = 5*m. What is the highest common factor of 12 and f?
4
Let p = 308 - 338. Let x be (350/(-20))/(3/p). Suppose -2*j - 5*h + 19 = -101, 12 = -3*h. What is the greatest common divisor of x and j?
35
Let o(q) = 877*q + 6319. Let u be o(-3). Calculate the greatest common divisor of 40 and u.
8
Suppose -6*w - 21 + 75 = 0. Suppose 0*k - 2*k + 16 = 0. Suppose 2*a = -3*f + w, 3*f - 60 = -5*a + k*f. Calculate the highest common divisor of 1 and a.
1
Let b = 34226 + -33646. Calculate the greatest common factor of b and 1100.
20
Let q(u) = 58*u**2 - 357*u + 60. Let o be q(6). Suppose 2*d = -2*d. Suppose d = 3*m - 0*m - 126. Calculate the highest common divisor of o and m.
6
Let f(m) = m**3 - 13*m**2 - 13*m - 14. Let g be f(14). Suppose g*k = 5*k - 90. Suppose -k*p + 15*p + 39 = 0. What is the greatest common factor of p and 91?
13
Suppose 4*n + 73348 = 4*h, 11*h - 9*h = -4*n + 36704. What is the greatest common divisor of 18 and h?
18
Suppose 192*b = 51*b + 98277. What is the greatest common factor of b and 153?
17
Let m(s) = -s**3 + 7*s**2 + 15*s - 15. Let g be m(7). Let h(u) = -u**3 - 10*u**2 + u - 70. Let n be h(-11). What is the highest common divisor of g and n?
10
Let t be (22 - 4)*204/18. Suppose b - 13*m = -10*m + t, 4*b + m = 790. Calculate the highest common factor of 2 and b.
2
Let i(j) = j**3 - 14*j**2 + 50*j - 14. Let v be i(8). Suppose -l + 31 = 3*p, -5*l - 4*p + v*p = -142. Calculate the highest common divisor of l and 1.
1
Let x = 24 + -15. Let b = 27 - 3. Let k be 33/(-2*(-4)/b). What is the highest common divisor of x and k?
9
Suppose -13634 = -67*v + 43182. What is the highest common divisor of 48 and v?
16
Let y be (-463 - -505) + 18/(-1). Let p(g) = -5*g**3 - g**2 - 4*g - 8. Let i be p(-5). Calculate the greatest common factor of y and i.
12
Let z = -80 - -116. Suppose -47*d + 30*d = -34. Calculate the highest common factor of d and z.
2
Let j = -16976 - -27404. Calculate the highest common divisor of j and 66.
66
Let g be (1 - 1)/(17/(-17)) + 2. Let b be g + (-8)/3*15/(-10). What is the greatest common factor of 21 and b?
3
Let k be 1*(288 + -7) - (4 + -2). What is the highest common factor of 1023 and k?
93
Let m(a) be the first derivative of 4*a**3/3 + 3*a**2/2 - a - 29. Let b be m(1). Let h be (2 + b)*1/2. Calculate the highest common divisor of 4 and h.
4
Let x be 10*7*(-1 - 7 - -9). Calculate the greatest common factor of 42070 and x.
70
Suppose 4*d - 26*d - 68*d + 7830 = 0. What is the highest common divisor of d and 7888?
29
Let l be ((-8568)/(-522))/(338/4901). Let o = 4 - 3. Let y = o + 33. Calculate the greatest common divisor of y and l.
34
Suppose -13*h - 223110 = -57*h - 30*h. What is the highest common divisor of 45 and h?
45
Let l be ((-25)/3)/(17/(-51)). Suppose 4*m - 27 - l = 0. What is the greatest common divisor of 13 and m?
13
Let a(u) = u**3 - u**2 - 1. Let g be a(0). Let b be (-5 - -1)/g*1. Let p(j) = 15*j + 1070. Let v be p(-70). What is the highest common divisor of v and b?
4
Suppose 0 = 17*c + 107*c - 992. What is the highest common divisor of c and 136?
8
Let w be -4*-1*2/4. Suppose 0 = a + w*u - 33, 3*u = 4*u - 2. Let d = 14806 - 14719. What is the highest common factor of d and a?
29
Let f = -129 + 189. Let r(a) = a**2 - 14*a + 6. Let m be r(14). Let c be (-4)/m*-3*10. What is the greatest common divisor of c and f?
20
Let t be -4*(6 - 5) + -1. Let c be (-179)/t + 56/(-70). What is the greatest common divisor of c and 140?
35
Let m(x) = 71*x**3 - 25*x**2 + 82*x + 22. Let s be m(4). What is the greatest common factor of 168 and s?
42
Let i be (-14)/(-10)*220/22. Let y be 8 - (-3)/(21/i). Calculate the greatest common divisor of y and 30.
10
Suppose 2*x - 3*k - 16 = 0, 9*k = 6*k - 6. Suppose -4*i - 3655 = -5*n, 0*n - 5*n + 3700 = x*i. What is the highest common factor of n and 42?
21
Let i = 3481 - 3342. What is the greatest common divisor of 17931 and i?
139
Let x be (3/3)/((-604)/(-120) - (0 + 5)). Calculate the highest common factor of x and 2034.
6
Let r be (20/25)/(6/525 + 0). Calculate the highest common divisor of 686 and r.
14
Suppose 26*n - 8483 = -7*n + 13924. Calculate the highest common divisor of 776 and n.
97
Suppose 0 = 60*x + 1159 + 701. Let b = x + 114. Calculate the highest common factor of b and 166.
83
Suppose 232 = 5*d - y - 62, -3*d = 5*y - 182. Calculate the greatest common factor of d and 4012.
59
Let a be ((-10 - 445)/(-13))/((-3)/(-3)). What is the highest common factor of 205 and a?
5
Let p(s) = 15*s**3 - 14*s**2 + 56*s - 10. Let q be p(4). Calculate the highest common divisor of 250 and q.
50
Suppose -5*j + 5 = 2*q, q = 4*j - 0*q - 4. Let y(k) = 10*k**3 - k**2 + 5*k - 3. Let b be y(j). What is the greatest common factor of 33 and b?
11
Suppose -60 = -4*t + 5*n, 56 = t + 3*t - 4*n. Suppose 3*g + 4*x = g - 4, -t = -g + x. Let u = g - -17. What is the greatest common divisor of u and 69?
23
Suppose -6*g + 10*g - 36 = 0. Let q(o) = -o**2 + 33*o - 257. Let u be q(13). What is the greatest common divisor of g and u?
3
Let i(x) = 83*x**3 - 32*x**2 + 137*x - 18. Let b be i(4). What is the highest common divisor of b and 130?
130
Suppose 70*h - 91 - 469 = 0. Let l = -145 + 153. Calculate the greatest common divisor of h and l.
8
Let u = 2 - 0. Let x be 0/(3/(u + 1)). Suppose 0*y + 4*y - 64 = x. What is the highest common divisor of y and 4?
4
Let h(n) = n**2 + 14*n - 32. Let q be h(2). Suppose -2*r - 110 + 124 = q. Calculate the greatest common factor of 217 and r.
7
Let z(o) = -o**2 - 114*o - 729. Let y be z(-7). What is the greatest common factor of y and 470?
10
Let x(d) = -18*d - 548. Let u be x(-45). Let z = 267 - u. Let o be (-14)/(-6) - 1/3. Calculate the greatest common factor of o and z.
1
Suppose -69 = -w + 120. Suppose 0 = -5*y + 3*a + 90, -y + 5*a - 4 = -0. Calculate the greatest common divisor of w and y.
21
Suppose 0 = 4*g - 3*o - 1351, 4*g = -15*o + 16*o + 1341. Calculate the greatest common divisor of g and 501.
167
Let l be (-160)/(-28) - (-2)/7. Let d be 20/((-30)/(-6)) - 3. Let n = d + 41. What is the greatest common divisor of n and l?
6
Let s be 24/84 + (-1 - 14310/(-42)). What is the highest common divisor of s and 20?
20
Suppose 0 = 5*b - 4*n - 9987, 4*b - 4356 = 4*n + 3636. Calculate the highe